 j. Let t = h + -91. Is t composite?
False
Let n(g) = 410*g**3 + 17. Is n(3) prime?
True
Let m(i) = 458*i**2 + 2*i - 1. Let r(d) = 2*d**2 + d - 1. Let j be r(1). Is m(j) a composite number?
True
Suppose 0*i - 18109 = -i + 5*v, 0 = -i + 4*v + 18111. Is i a composite number?
False
Suppose -2*l - 21 - 62 = j, 3*j - 3*l = -213. Let t = 521 - 777. Let a = j - t. Is a composite?
False
Let g be -3 - (-4 + 1 - -3). Let l(m) = -39*m**3 + 4*m**2 + 2*m - 1. Is l(g) a prime number?
False
Let t = -12709 - -21875. Is t composite?
True
Let w(n) = -161*n - 18. Let c be w(-12). Suppose -b - 8 = 3*b, -2*l = -4*b - c. Is l composite?
False
Let b = 48 + -23. Suppose 5*y - b = 5*i - 6*i, -2*y = -4*i - 10. Suppose -r + 6*r + 506 = g, -2*g - 5*r + 1057 = i. Is g prime?
True
Let h(p) = -p**2 - 11*p + 16. Let q be h(-13). Is (-34)/85 - 1494/q a prime number?
True
Let g = -7 + -147. Let c = 155 - g. Is c composite?
True
Let v(n) be the third derivative of n**6/120 - n**5/60 - 9*n**4/8 - 16*n**2. Is v(11) composite?
True
Let f = 371 - -11. Suppose c = 3*c + 2*y - 142, 5*c - 4*y = f. Suppose 5*b + 15 = 0, -c = -h + 3*b - 4*b. Is h a prime number?
False
Is (-6 - 160/(-30))/(2/(-16413)) prime?
True
Suppose 3 = f - 11. Suppose 16*b - 1658 = f*b. Suppose u = -84 + b. Is u a composite number?
True
Let r(u) = 3*u**3 + 80*u**2 + 33*u + 71. Is r(25) a composite number?
False
Let c(q) = -2*q - 11*q**2 + 1 - q**2 + 17*q**2. Let z be c(1). Suppose -3*r - 369 = -3*u, -z*r = 2*u + u - 397. Is u a composite number?
False
Let z(k) = k**3 + 19*k**2 - 8*k + 3. Is z(-19) a composite number?
True
Let h be 4442/4*2 + (1 - -1). Suppose -5*b - w + 2*w + 11104 = 0, b + 2*w - h = 0. Is b a composite number?
False
Let k = -106 - -495. Is k a composite number?
False
Suppose 19*c + 9763 = 62336. Is c composite?
False
Let t(m) = 4*m**2 - 3*m - 1. Let o be t(-2). Is (14/o)/((-4)/(-13554)*3) a prime number?
False
Suppose -2*h - 47 = 4*d - 15, -h - 5*d = 31. Is 0 + -4 - h - -965 prime?
True
Let d(y) be the third derivative of -7*y**4/24 + 7*y**3/6 + 10*y**2. Is d(-6) a composite number?
True
Is (-766115)/(-91) - (-6)/39 a prime number?
True
Let j = 5 - 10. Let a(g) = -4*g + 34. Let c be a(6). Is j/c - (-1341)/6 composite?
False
Let x(s) = -3*s + 5. Let j(q) = 3*q - 5. Let m(l) = -2*j(l) - 3*x(l). Let b = 3 - -3. Is m(b) prime?
True
Let r be (2*-2)/(8/(-116)). Suppose -s + r = -23. Let x = 132 - s. Is x a composite number?
True
Is 3 - (14/(-35))/(3/100785) composite?
False
Suppose 0 = 3*a + 13*u - 15*u - 216739, 4*a = -5*u + 288993. Is a composite?
True
Suppose d = 3, -h - 3*d = -5 - 4. Suppose 2*j + b = 2592, j - 4*b + 3*b - 1290 = h. Is j a prime number?
False
Suppose -1 - 8 = -3*j. Let m be j/9 + (-35)/15. Is 68 + m - (-2)/2 a composite number?
False
Let h be (-46)/(-14) + (-16)/56. Suppose -2002 = -x - x + 2*b, h*x - 2983 = -2*b. Is x a composite number?
False
Suppose -2*u = -6, 2*m - 15 = -m - u. Suppose 3*r = 5*c - 457 + 1185, 0 = 3*r + m*c - 773. Is r a prime number?
True
Suppose 4*b - 81 = t + 4*t, b - 67 = 4*t. Let s = 20 + t. Suppose -4*p + 310 - 9 = s*h, 10 = -2*h. Is p a composite number?
False
Let j = -1494 - -5473. Is j a composite number?
True
Let x(p) be the third derivative of 5*p**4/2 - 5*p**3/6 - 13*p**2. Is x(6) a prime number?
False
Let y = 125 - -11. Let m = 294 - y. Is m a prime number?
False
Let g = -286 - -786. Suppose -u + 107 = -6*y + 8*y, -5*u = 3*y - g. Is u a prime number?
True
Let w be (-8)/(-4) - (-42 - 1). Is 2/(-6) - (-14370)/w a composite number?
True
Let z = -16 - -15. Let k = 3 + z. Is k + -1 + (-6 - -1102) prime?
True
Suppose 52258 = 11*b - 17031. Is b a prime number?
True
Let b = -1 + 6. Let q(d) = -3*d**3 + 8*d**2 + 7*d - 7. Let v(y) = -4*y**3 + 8*y**2 + 8*y - 7. Let u(r) = b*q(r) - 4*v(r). Is u(-6) a composite number?
False
Let t(x) = -4*x**3 + 21*x**2 - 17. Let a(w) = -2*w**3 + 10*w**2 - 9. Let g(i) = -7*a(i) + 3*t(i). Is g(5) composite?
True
Suppose -4*p + 2*f + 8 = -0*p, 0 = -2*p - 2*f - 8. Suppose p = -5*l - 0 + 5. Is l - 1 - (-15 - -2) prime?
True
Let u(t) = 8*t**3 - 3*t**2 - 5*t + 1. Is u(7) prime?
False
Let v = 86 + -2. Suppose -4*x - 107 = 81. Let s = x + v. Is s prime?
True
Suppose 3 + 2 = -d, 35 = 5*v - 4*d. Suppose -2*q - q = -5*g - 272, 0 = -2*q + v*g + 181. Is q a prime number?
True
Let d(t) = -t**2 + 36*t + 8. Let r be d(11). Suppose 6*a - a + 25 = 0, -5*a = -2*o + r. Is o prime?
False
Let c(s) = -16*s**2 - 4*s + 6. Let o be c(6). Let f = -391 - o. Is f composite?
True
Suppose -4*c = -2*h - 1906 + 6756, -2*c = 2*h - 4844. Is h prime?
True
Let g = -11 - -6. Let d = -3 + g. Is (7/4 + -3)*d composite?
True
Let w be 8/3 + (3 - 16/6). Suppose -2*n - 1899 = -o, n + 2 = -w. Is o composite?
False
Suppose 2*d + 3*d - 20 = 0. Let p = -536 + 993. Suppose d*l + u = 6*l - 303, -3*l + 2*u + p = 0. Is l composite?
False
Let a = -256 - -142. Let g be -2 - ((0 - 0) + a). Let o = g + 145. Is o a composite number?
False
Suppose -76*j = -85*j + 105993. Is j composite?
False
Suppose -4*r - 505 + 2761 = 0. Let c = 821 - r. Suppose -5*q + c = -2*b, -2*q - 2*q - 5*b = -199. Is q prime?
False
Let i(n) = -235*n**2 + 94*n + 94. Let z(p) = -2*p**2 + p + 1. Let l(g) = -i(g) + 94*z(g). Suppose 2*q + 4 - 2 = 0. Is l(q) a composite number?
False
Suppose 23 = 2*p + 5*g, 2*p = -3*g + 8 + 25. Suppose 0 = -7*x + 3*x - p. Is (-15)/(-10)*(-476)/x composite?
True
Suppose 4084 = 2*l - 2*w, -6*l + 2060 = -5*l + 5*w. Let q = 3012 - l. Is q prime?
True
Let i be ((-10)/10)/(0 + (-1)/8). Is -2*3/24 - (-282)/i composite?
True
Let c(m) = 11*m**2 - m. Let b be c(-7). Suppose 31*s = 27*s + 3364. Let v = s - b. Is v a composite number?
True
Let k(d) = 16*d**3 - 13*d**2 + 7*d - 8. Is k(6) a prime number?
False
Suppose -5*j = -n + 194, 3*j - n - n + 115 = 0. Let r = 127 - 51. Let o = j + r. Is o composite?
False
Suppose -w + g - 3 = -9, 0 = -5*w - 3*g + 14. Suppose -3*u = -w*u + 1465. Is u prime?
False
Let d be 1/(1/4)*-1. Suppose -16 = -3*w - 19. Is 2/d*1262/w a composite number?
False
Let r(n) = -43*n + 94*n - 1 - 1. Let p be r(-1). Let q = p - -532. Is q a composite number?
False
Let f = -10 - -15. Is f + (1942 - (5 + -3)) composite?
True
Let n = 391 + -129. Suppose 0 = -p + 501 + n. Is p composite?
True
Suppose 0 = f - 2*f - 4, 2*f = 3*y + 37. Is (-799)/(-5) - (-12)/y prime?
False
Let u be (510/4)/(23/1012). Let x = u + -3763. Is x a prime number?
True
Let y = 13463 + -4920. Is y a prime number?
True
Let m be 10*1*6/15. Suppose m*r - r = -54. Let o = r - -61. Is o composite?
False
Let r(n) = 251*n**2 + 10*n + 140. Is r(-13) prime?
False
Suppose -3*d + 3*u + 0 + 6 = 0, 0 = -5*d + 2*u + 13. Suppose 5*o - 9 = 3*h, d = 2*o - 5*h + 7. Is ((-2)/(-6))/(o/171) a prime number?
True
Let i be (-60)/16*8/(-6). Suppose -3*x - 4*s + 8679 = -0*s, 0 = -i*x + s + 14488. Is x composite?
False
Let a = 76922 + -53515. Is a composite?
True
Let t = -1736 - 4797. Let j = t + 9662. Suppose -w = -4*w + j. Is w composite?
True
Suppose -212 = -4*z + 4*g, 5*z + 2*g - 154 = 2*z. Let v be (2 - z)*138/(-12). Let a = -384 + v. Is a a prime number?
True
Let t(r) be the third derivative of r**6/3 + r**5/60 + r**4/24 - 6*r**2. Let x = -6 - -8. Is t(x) a prime number?
False
Let k(p) = 105*p**2 - 48*p + 38. Is k(-7) composite?
False
Let j(t) = 172*t - 11. Let d be j(5). Suppose 3*m - 816 = d. Suppose w = 4*w - m. Is w prime?
False
Let u(h) = 421*h**2 + 2*h + 2. Let m be u(-1). Let x = m - 254. Is x a composite number?
False
Suppose 5*v - 22 = 4*b - 0*b, 0 = v + 2*b - 10. Suppose 22520 - 6578 = v*c. Is c composite?
False
Let o(m) = -1 - 5*m + 5 + 4*m. Let j(z) = -z**3 - 9*z**2 - 11*z + 16. Let w be j(-7). Is o(w) prime?
False
Is -7 - (43524/(-2))/3 prime?
True
Let c be ((-1)/3)/(11/297). Let j be 6/c*15/(-2). Suppose 3*u + 4*p - 656 = 605, 2094 = j*u - p. Is u composite?
False
Suppose -4*t + 17 - 5 = 0. Suppose g = 4 - 2. Suppose t*u = -4*k - g*u + 163, 4*u = k - 25. Is k a prime number?
True
Let n(j) = -414*j + 551. Is n(-50) a prime number?
False
Let y be (-1 - 1847/3)/((-12)/36). Suppose 5*h - 10095 + y = 0. Is h prime?
False
Suppose -5*p = -p + 4*t - 20, 5*p + 3*t = 15. Suppose p = 5*r + 3*h - 9173, 5*h - 766 - 1051 = -r. Is r composite?
True
Let o(t) be the first derivative of 631*t**2/2 + 10. Is o(1) composite?
False
Supp